0 = -2*a - 3*j + 38, j = -f*a + 43 + 13. Calculate the greatest common factor of a and 130.
13
Let n(p) = p**3 + 6*p**2 - p + 6. Let x be n(-6). Let u = 1 + -1. Let i = 48 - u. Calculate the highest common divisor of x and i.
12
Suppose 0 = -2*i - 5*c + 234 - 74, 3*c = 12. What is the highest common factor of 14 and i?
14
Let z(o) = -23*o**3 + o**2 + o + 1. Let y be z(-1). Let w = y + -2. Let l be 97/11 + 4/w. What is the highest common divisor of l and 6?
3
Let i(j) = j**3 - 2*j**2 - 2*j + 1. Let x be i(4). Let r = 4 + 0. Suppose x + 27 = r*o. What is the highest common divisor of 52 and o?
13
Suppose -6*p + 4*p = 10, 0 = 5*i + 2*p - 80. Suppose -5*c + i = -12. Suppose -h + 0 = -c. What is the highest common divisor of h and 48?
6
Let h = -6 - -9. Calculate the highest common divisor of h and 12.
3
Let t = 1 - -4. Let x = t + -2. What is the highest common divisor of x and 27?
3
Let h(m) = -m - 1. Let l be h(-1). Let d be (l*1/3)/2. Let w be 1 - -11 - d/2. What is the greatest common divisor of 12 and w?
12
Suppose 3 = -4*a + 11. Suppose 50 = -4*n + 9*n. What is the highest common factor of a and n?
2
Let p(l) = -2*l - 9. Let v be p(-6). Let u be 1 - ((-18)/v)/(-3). Let c be -7*u/((-1)/(-2)). Calculate the greatest common divisor of c and 56.
14
Suppose 0 = -0*v + 6*v - 72. What is the highest common divisor of 96 and v?
12
Let x be ((-54)/(-8))/(11/440). What is the highest common factor of 27 and x?
27
Suppose -4*d = -5*a - 6*d + 1390, -2*d = 10. What is the greatest common divisor of a and 35?
35
Let w be (-9 - -8) + (62 - 1). Calculate the highest common divisor of 12 and w.
12
Let t(g) = 4*g**3 - g**2 + g + 3. Let n be t(2). What is the greatest common divisor of 3 and n?
3
Let x(q) = -7*q - 13. Let c be x(-6). Suppose r - c = -p, 0*p - 24 = -p + 4*r. Calculate the greatest common divisor of p and 84.
28
Suppose 29 + 274 = 3*y. Suppose 3*w + 62 = 4*q - y, -84 = -2*q + 4*w. What is the greatest common divisor of 16 and q?
8
Let o(p) = 8*p**2 + 3*p - 1. Let k be o(3). Let c = 16 + 14. Suppose -c = -2*f - f. Calculate the greatest common divisor of f and k.
10
Suppose -l = -2*l - 6. Let z(f) = -6*f. Let s be z(l). Let b = 64 - s. What is the greatest common divisor of 4 and b?
4
Let v(i) = i**2 + 2*i - 20. Let c be v(-7). Calculate the highest common factor of 3 and c.
3
Suppose -3*u = 3*c - 12, 0 = -c - 0 - 1. Suppose 9*j = 6*j, 4*l = -3*j + 220. What is the greatest common factor of u and l?
5
Let i be 2/((-5)/(50/4)). Let f(s) = -4*s. Let w be f(i). Suppose -z = -5*z + 200. What is the highest common factor of w and z?
10
Let g = -212 + 322. Calculate the highest common divisor of g and 10.
10
Suppose 27*r = 25*r + 14. What is the highest common divisor of 35 and r?
7
Let h be 35/10 + (-3)/(-2). Suppose -h*t - 5*g = -0*g - 240, -4*t + 198 = g. What is the greatest common factor of t and 20?
10
Let s(c) = -c + 9. Let g be s(5). Suppose g*y - 84 = -24. What is the greatest common factor of 15 and y?
15
Suppose 5*s - 2*s = -2*d + 287, -4*s + 3*d = -411. What is the greatest common factor of 11 and s?
11
Let v be 6/(-9) + 436/6. Calculate the highest common divisor of 18 and v.
18
Let f(q) = -q**2 - 7*q - 3. Let h be f(-4). What is the highest common divisor of 27 and h?
9
Let j = 29 + -8. Calculate the greatest common factor of 84 and j.
21
Let k be 1/(2 - (-5)/(-3)). What is the greatest common divisor of 3 and k?
3
Let g = 26 - -38. What is the highest common divisor of g and 16?
16
Suppose -3 = r - 7. Suppose 3*u = -0*f + 3*f - 6, -u - 4*f + 13 = 0. Suppose r*i = 3*i + u. What is the greatest common divisor of i and 8?
1
Let k(o) be the first derivative of 3*o**2/2 - 4*o + 2. Let i be k(4). Suppose 24 = 3*g - 0. What is the highest common divisor of i and g?
8
Suppose 3*t - t - 144 = 0. Suppose 0*z - 36 = -4*z. Calculate the greatest common factor of t and z.
9
Suppose 5*c - 2 = 2*c - 2*m, c - 3 = -3*m. Let z(i) = i + 2. Let v be z(c). Calculate the greatest common factor of 4 and v.
2
Let u(r) = r - 1. Let p be u(5). Suppose 5*a - 14 = 2*a - c, 26 = p*a + 5*c. What is the highest common factor of a and 20?
4
Let b be 9 + 6 + (1 - 1). What is the greatest common factor of b and 10?
5
Suppose 5 = 2*m + 3*q, 3*m = -3*q - 2*q + 9. Let t(w) = w - 1. Let d be t(m). Let j be 98 - (3 + d + 2). Calculate the greatest common divisor of 24 and j.
24
Suppose 17*r - 270 = 14*r. What is the highest common divisor of 30 and r?
30
Suppose 2*d + 0*p = -2*p + 16, 0 = 3*d - 3*p - 30. Let f be (6/4)/((-6)/(-16)). Suppose -f*t - 2 = -6*t. Calculate the greatest common divisor of t and d.
1
Suppose 5*d = 3*o + 2*d - 384, -3*d = 6. Calculate the greatest common factor of o and 14.
14
Let t(s) = -2*s - 15. Let d be (-2)/4*24/1. Let w be t(d). What is the highest common divisor of w and 3?
3
Let f(g) = 14*g - 3. Let q(s) = 41*s - 9. Let y(o) = 14*f(o) - 4*q(o). Let m be y(5). Calculate the greatest common divisor of m and 14.
14
Let p = -2 - 4. Let z = -4 - p. Suppose 3*o + z = 8. What is the greatest common divisor of o and 1?
1
Let f(i) = -i**2 - 9*i + 9. Let u be f(-9). What is the highest common factor of 36 and u?
9
Let f be (-1 - 3/(-6))*-24. Suppose 0*c + f = 2*c. What is the greatest common factor of 48 and c?
6
Let p be (1 + 2)/(1 + 0). Suppose p*j + 0*j = 924. What is the greatest common factor of 28 and j?
28
Let m be (2/4)/(1/128). Suppose 5*a = -j + 33, a + 4*j + 4 - 22 = 0. Let z be 12/((-4)/((-16)/a)). Calculate the highest common divisor of z and m.
8
Suppose -j + 4 = 2. Let l = 0 + j. Suppose -5*w = v - 18, l*v + 3*w = -7 + 29. What is the greatest common divisor of 32 and v?
8
Let i be 24/56 + (-3)/7. Let r be 0/(i - 2) - 0. Suppose 2*b + l = 0, b + 5*l + 9 = -r*l. Calculate the greatest common factor of b and 3.
1
Let o(i) = -i**2 + 15*i + 4. Let u be o(11). Calculate the highest common factor of u and 8.
8
Let v(x) = -28*x - 12. Let j be v(-1). What is the greatest common divisor of j and 8?
8
Let u(p) = -10*p - 28. Let f be u(-7). Calculate the greatest common divisor of f and 6.
6
Let u = -419 + 427. Let v be (2/2)/((-1)/(-16)). Calculate the greatest common divisor of v and u.
8
Suppose b = 25 - 1. Suppose -2*w + 20 = 3*o, -w - o + b = 4*w. Suppose -w*j = -5*l - 14, -3*j + l = -j - 4. What is the greatest common factor of j and 7?
1
Suppose 3*v - 209 = 5*i, -v + 59 = -i + 2*i. What is the highest common factor of 9 and v?
9
Suppose 3*d + 35 = -127. Let z = -32 - d. What is the greatest common factor of 55 and z?
11
Let c = 24 + -19. What is the highest common divisor of 35 and c?
5
Let b = -98 - -285. Let o be (-2)/4 + 35/2. Calculate the highest common factor of b and o.
17
Let d = -73 + 77. Let m = 0 - -1. What is the greatest common factor of m and d?
1
Let h = 2 + 5. Suppose -5*n - h = -157. Calculate the highest common divisor of n and 12.
6
Suppose -a - 4*j = -18, -2*a = -6*a - 2*j + 58. What is the greatest common factor of 56 and a?
14
Suppose 5*p - 6*p = -20. What is the greatest common divisor of p and 10?
10
Let m be (2/(-3))/((-2)/9). Suppose 0*n - 3*t = -3*n + 21, 5*n - 3 = -m*t. Calculate the highest common factor of n and 6.
3
Suppose 2*b = -3*b + 250. What is the highest common divisor of b and 5?
5
Let n be ((-8)/(-10))/((-2)/(-20)). Let q = n + 14. Suppose -y = y - q. Calculate the highest common divisor of y and 33.
11
Let g be (-2)/(-4) - (-174)/12. Let s = 16 - g. Calculate the greatest common factor of 3 and s.
1
Suppose 4*u - 5*u - 15 = 0. Let x be (18/u)/(2/(-5)). Suppose r + x*r - 4*n = 176, -3*r + 2*n = -130. What is the highest common factor of r and 28?
14
Let o = 1 - -4. Suppose o*q - d + 68 = d, 4*d - 52 = 3*q. Let v be 3/q - (-522)/8. What is the highest common factor of 13 and v?
13
Let o(u) = 32*u - 7. Let m be o(4). Calculate the highest common divisor of 11 and m.
11
Suppose 5*k = 2*d + 12, 0 = -2*d + 7*d + k - 24. Calculate the greatest common divisor of 12 and d.
4
Let s be ((-14)/6)/((-6)/18). What is the highest common factor of 14 and s?
7
Suppose g = -6*g + 700. Calculate the highest common divisor of g and 40.
20
Let j be 1/((-123)/63 + 2). Calculate the greatest common factor of j and 9.
3
Let f be 2 + 10*2 + 0. What is the greatest common divisor of 11 and f?
11
Let b(u) = 2*u**3 - 4*u**2 -